hest common factor of 21717449 and 1989?
221
What is the greatest common factor of 960421 and 133?
7
What is the highest common factor of 1169831 and 493?
29
Calculate the greatest common factor of 8051 and 24319.
83
What is the highest common factor of 6342 and 9914898?
42
What is the greatest common factor of 289 and 12302152?
289
What is the highest common factor of 980 and 2592676?
4
Calculate the highest common factor of 741784 and 33104.
8
What is the highest common divisor of 8 and 239494248?
8
What is the greatest common divisor of 548 and 4687181?
137
Calculate the greatest common divisor of 1908616 and 895288.
1816
What is the highest common divisor of 270750 and 12000?
750
Calculate the greatest common divisor of 1087103 and 4313.
227
What is the highest common factor of 336408 and 34?
2
Calculate the highest common divisor of 10096 and 1326362.
1262
What is the highest common divisor of 29724651 and 803?
803
What is the greatest common factor of 33837032 and 177829?
2251
What is the greatest common factor of 5 and 354435?
5
What is the highest common factor of 16736 and 5460643?
523
Calculate the highest common divisor of 65588 and 434188.
76
Calculate the highest common factor of 35 and 3564010.
5
Calculate the highest common factor of 1651 and 4672838.
127
What is the highest common factor of 1260 and 1994895?
315
What is the highest common divisor of 296 and 23336?
8
Calculate the highest common divisor of 550800 and 2025.
2025
Calculate the highest common divisor of 7976 and 4336.
8
What is the highest common factor of 326285248 and 64?
64
Calculate the greatest common factor of 1519200 and 675.
225
Calculate the highest common divisor of 3535 and 27326560.
505
Calculate the greatest common factor of 25890 and 2022872.
1726
Calculate the highest common factor of 111520 and 3230144.
1312
What is the highest common factor of 9485167 and 70040?
1751
What is the highest common factor of 44136376 and 232?
232
Calculate the greatest common factor of 9 and 5464467.
9
What is the greatest common factor of 8033076 and 68100?
2724
What is the highest common factor of 1975 and 7066945?
395
What is the greatest common factor of 87648 and 154712?
664
What is the greatest common factor of 19 and 6068106?
19
What is the greatest common divisor of 946893329 and 38?
19
Calculate the greatest common factor of 42 and 6082062.
42
What is the greatest common divisor of 80585 and 4011500?
355
What is the greatest common factor of 1265 and 13854027?
253
What is the greatest common divisor of 32 and 12032992?
32
What is the greatest common divisor of 8308585 and 17215?
1565
Calculate the highest common divisor of 3816 and 9011484.
1908
Calculate the greatest common divisor of 6 and 113504368.
2
What is the greatest common divisor of 3289040 and 140?
20
Calculate the greatest common factor of 438880642 and 188.
94
Calculate the greatest common divisor of 1813378 and 14.
14
Calculate the greatest common divisor of 22351314 and 719304.
10578
What is the highest common factor of 10364032 and 8064?
896
What is the highest common divisor of 143922 and 726?
6
Calculate the highest common factor of 12246 and 1560805766.
4082
What is the greatest common factor of 1809136 and 50344?
1624
Calculate the greatest common factor of 855 and 9053253.
171
What is the greatest common divisor of 129 and 14893007?
43
Calculate the greatest common divisor of 49081514 and 696.
58
Calculate the highest common divisor of 3451 and 8138444.
493
What is the highest common factor of 6822 and 352287?
9
What is the highest common divisor of 313510 and 19260?
1070
What is the highest common divisor of 5757994 and 2528?
158
What is the highest common divisor of 1881220 and 15895?
935
What is the highest common factor of 4284 and 1689443?
119
What is the highest common divisor of 1938 and 1221662?
38
Calculate the highest common factor of 7734 and 1904856.
6
What is the greatest common factor of 1629540 and 10884?
12
What is the highest common divisor of 315 and 9653085?
45
What is the highest common factor of 330673 and 1067?
97
Calculate the greatest common factor of 1460 and 278775028.
292
What is the highest common divisor of 1080 and 10376360?
40
What is the highest common divisor of 20783328 and 2272?
32
Calculate the highest common divisor of 8038940 and 52.
52
Calculate the highest common factor of 104 and 574576652.
52
What is the greatest common divisor of 28579271 and 1679?
23
What is the greatest common divisor of 3548 and 4802?
2
What is the greatest common factor of 47565 and 117?
9
Calculate the greatest common factor of 1247 and 377333471.
1247
What is the greatest common factor of 3684 and 114596346?
1842
What is the greatest common divisor of 17130087 and 429?
39
What is the greatest common factor of 4212 and 9349020?
324
Calculate the greatest common divisor of 100522593 and 18.
9
What is the highest common divisor of 3819 and 5006823?
57
Calculate the highest common factor of 164404 and 61640.
92
What is the highest common factor of 651177 and 25?
1
What is the highest common divisor of 310190736 and 384?
48
What is the highest common factor of 16042404 and 784?
196
What is the highest common divisor of 19539 and 122967?
117
What is the highest common divisor of 110 and 526965?
5
What is the greatest common divisor of 592122 and 4698?
174
Calculate the highest common divisor of 967004773 and 959.
959
Calculate the greatest common factor of 554137400 and 278.
278
Calculate the highest common divisor of 35776686 and 88.
22
What is the highest common divisor of 898960 and 128520?
680
What is the greatest common factor of 5400762 and 12?
6
Calculate the highest common factor of 215153577 and 891.
81
Calculate the greatest common divisor of 117872528 and 222.
74
Calculate the greatest common divisor of 113740 and 117560.
20
Calculate the highest common divisor of 3753 and 36387.
9
Calculate the highest common factor of 45 and 30907095.
15
What is the highest common factor of 368 and 22876444?
92
Calculate the greatest common factor of 1836168 and 888.
24
Calculate the highest common factor of 381691 and 1102.
19
What is the highest common divisor of 1646550 and 3225?
75
Calculate the highest common factor of 165991 and 23715062.
7217
Calculate the greatest common factor of 12304 and 1778697.
769
What is the highest common divisor of 769080 and 85289?
493
Calculate the greatest common factor of 17331 and 104313.
327
What is the highest common divisor of 384336 and 501696?
144
What is the greatest common divisor of 2930 and 2021114?
586
What is the greatest common divisor of 861 and 257784261?
861
Calculate the highest common divisor of 428 and 1084231.
107
What is the greatest common divisor of 149328 and 4908?
12
Calculate the greatest common factor of 785799 and 145593.
63
Calculate the highest common divisor of 15038 and 3252734.
146
Calculate the highest common factor of 336 and 6699072.
48
Calculate the highest common factor of 59305 and 445810.
2045
Calculate the greatest common divisor of 67683 and 65373.
231
What is the highest common divisor of 9821 and 4436103?
427
What is the greatest common factor of 28842 and 32076?
66
What is the highest common factor of 29904 and 316456?
56
What is the highest common factor of 191522 and 2611132?
1462
Calculate the greatest common factor of 846 and 2339143.
47
What is the greatest common factor of 8964 and 29163876?
996
What is the greatest common factor of 1057 and 48599803?
1057
What is the highest common factor of 230 and 4988090?
10
Calculate the greatest common divisor of 6355 and 1270690.
155
What is the greatest common factor of 476656 and 1024?
16
What is the highest common factor of 1405665 and 1725?
15
What is the highest common factor of 516 and 100276731?
129
What is the greatest common divisor of 23224940 and 3140?
20
What is the highest common divisor of 16750346 and 42?
2
Calculate the highest common factor of 6 and 599730906.
6
Calculate the greatest common divisor of 19213 and 29.
1
Calculate the highest common divisor of 21231 and 80134893.
3033
Calculate the greatest common factor of 499686 and 16482.
402
What is the highest common factor of 4116805 and 16835?
1295
Calculate the highest common divis